{"id":2,"date":"2023-05-18T17:18:34","date_gmt":"2023-05-18T17:18:34","guid":{"rendered":"https:\/\/betwinner.tips\/argentina\/?page_id=2"},"modified":"2026-03-30T05:29:15","modified_gmt":"2026-03-30T05:29:15","slug":"betwinner-online-sports-betting-and-casino-%f0%9f%9f%a2-register","status":"publish","type":"page","link":"https:\/\/betwinner.tips\/argentina\/","title":{"rendered":"Inicio"},"content":{"rendered":"","protected":false},"excerpt":{"rendered":"","protected":false},"author":1,"featured_media":0,"parent":0,"menu_order":0,"comment_status":"closed","ping_status":"open","template":"","meta":{"footnotes":""},"class_list":["post-2","page","type-page","status-publish","hentry"],"yoast_head":"<!-- This site is optimized with the Yoast SEO plugin v25.6 - https:\/\/yoast.com\/wordpress\/plugins\/seo\/ -->\n<title>BetWinner\u2122 \u2014 Deportes, mejores cuotas y l\u00edneas en directo \u2014 mayo 2026<\/title>\n<meta name=\"description\" content=\"Bet Winner Argentina ofrece apuestas deportivas con cuotas competitivas, una amplia cobertura de eventos, mercados de apuestas en vivo, un proceso r\u00e1pido para realizar apuestas, l\u00edneas s\u00f3lidas y una experiencia fluida dise\u00f1ada para los apostadores m\u00e1s exigentes.\" \/>\n<meta name=\"robots\" content=\"index, follow, max-snippet:-1, max-image-preview:large, max-video-preview:-1\" \/>\n<meta property=\"og:locale\" content=\"es_ES\" \/>\n<meta property=\"og:type\" content=\"article\" \/>\n<meta property=\"og:title\" content=\"BetWinner\u2122 \u2014 Deportes, mejores cuotas y l\u00edneas en directo \u2014 mayo 2026\" \/>\n<meta property=\"og:description\" content=\"Bet Winner Argentina ofrece apuestas deportivas con cuotas competitivas, una amplia cobertura de eventos, mercados de apuestas en vivo, un proceso r\u00e1pido para realizar apuestas, l\u00edneas s\u00f3lidas y una experiencia fluida dise\u00f1ada para los apostadores m\u00e1s exigentes.\" \/>\n<meta property=\"og:url\" content=\"https:\/\/betwinner.tips\/argentina\/\" \/>\n<meta property=\"og:site_name\" content=\"Betwinner Tips ar\" \/>\n<meta property=\"article:modified_time\" content=\"2026-03-30T05:29:15+00:00\" \/>\n<meta name=\"twitter:card\" content=\"summary_large_image\" \/>\n<script type=\"application\/ld+json\" class=\"yoast-schema-graph\">{\"@context\":\"https:\/\/schema.org\",\"@graph\":[{\"@type\":\"WebPage\",\"@id\":\"https:\/\/betwinner.tips\/argentina\/\",\"url\":\"https:\/\/betwinner.tips\/argentina\/\",\"name\":\"BetWinner\u2122 \u2014 Deportes, mejores cuotas y l\u00edneas en directo \u2014 mayo 2026\",\"isPartOf\":{\"@id\":\"https:\/\/betwinner.tips\/argentina\/#website\"},\"datePublished\":\"2023-05-18T17:18:34+00:00\",\"dateModified\":\"2026-03-30T05:29:15+00:00\",\"description\":\"Bet Winner Argentina ofrece apuestas deportivas con cuotas competitivas, una amplia cobertura de eventos, mercados de apuestas en vivo, un proceso r\u00e1pido para realizar apuestas, l\u00edneas s\u00f3lidas y una experiencia fluida dise\u00f1ada para los apostadores m\u00e1s exigentes.\",\"breadcrumb\":{\"@id\":\"https:\/\/betwinner.tips\/argentina\/#breadcrumb\"},\"inLanguage\":\"es-AR\",\"potentialAction\":[{\"@type\":\"ReadAction\",\"target\":[\"https:\/\/betwinner.tips\/argentina\/\"]}]},{\"@type\":\"BreadcrumbList\",\"@id\":\"https:\/\/betwinner.tips\/argentina\/#breadcrumb\",\"itemListElement\":[{\"@type\":\"ListItem\",\"position\":1,\"name\":\"Home\",\"item\":\"https:\/\/betwinner.tips\/argentina\/\"},{\"@type\":\"ListItem\",\"position\":2,\"name\":\"Inicio\"}]},{\"@type\":\"WebSite\",\"@id\":\"https:\/\/betwinner.tips\/argentina\/#website\",\"url\":\"https:\/\/betwinner.tips\/argentina\/\",\"name\":\"Betwinner Tips ar\",\"description\":\"My WordPress Blog\",\"potentialAction\":[{\"@type\":\"SearchAction\",\"target\":{\"@type\":\"EntryPoint\",\"urlTemplate\":\"https:\/\/betwinner.tips\/argentina\/?s={search_term_string}\"},\"query-input\":{\"@type\":\"PropertyValueSpecification\",\"valueRequired\":true,\"valueName\":\"search_term_string\"}}],\"inLanguage\":\"es-AR\"}]}<\/script>\n<!-- \/ Yoast SEO plugin. -->","yoast_head_json":{"title":"BetWinner\u2122 \u2014 Deportes, mejores cuotas y l\u00edneas en directo \u2014 mayo 2026","description":"Bet Winner Argentina ofrece apuestas deportivas con cuotas competitivas, una amplia cobertura de eventos, mercados de apuestas en vivo, un proceso r\u00e1pido para realizar apuestas, l\u00edneas s\u00f3lidas y una experiencia fluida dise\u00f1ada para los apostadores m\u00e1s exigentes.","robots":{"index":"index","follow":"follow","max-snippet":"max-snippet:-1","max-image-preview":"max-image-preview:large","max-video-preview":"max-video-preview:-1"},"og_locale":"es_ES","og_type":"article","og_title":"BetWinner\u2122 \u2014 Deportes, mejores cuotas y l\u00edneas en directo \u2014 mayo 2026","og_description":"Bet Winner Argentina ofrece apuestas deportivas con cuotas competitivas, una amplia cobertura de eventos, mercados de apuestas en vivo, un proceso r\u00e1pido para realizar apuestas, l\u00edneas s\u00f3lidas y una experiencia fluida dise\u00f1ada para los apostadores m\u00e1s exigentes.","og_url":"https:\/\/betwinner.tips\/argentina\/","og_site_name":"Betwinner Tips ar","article_modified_time":"2026-03-30T05:29:15+00:00","twitter_card":"summary_large_image","schema":{"@context":"https:\/\/schema.org","@graph":[{"@type":"WebPage","@id":"https:\/\/betwinner.tips\/argentina\/","url":"https:\/\/betwinner.tips\/argentina\/","name":"BetWinner\u2122 \u2014 Deportes, mejores cuotas y l\u00edneas en directo \u2014 mayo 2026","isPartOf":{"@id":"https:\/\/betwinner.tips\/argentina\/#website"},"datePublished":"2023-05-18T17:18:34+00:00","dateModified":"2026-03-30T05:29:15+00:00","description":"Bet Winner Argentina ofrece apuestas deportivas con cuotas competitivas, una amplia cobertura de eventos, mercados de apuestas en vivo, un proceso r\u00e1pido para realizar apuestas, l\u00edneas s\u00f3lidas y una experiencia fluida dise\u00f1ada para los apostadores m\u00e1s exigentes.","breadcrumb":{"@id":"https:\/\/betwinner.tips\/argentina\/#breadcrumb"},"inLanguage":"es-AR","potentialAction":[{"@type":"ReadAction","target":["https:\/\/betwinner.tips\/argentina\/"]}]},{"@type":"BreadcrumbList","@id":"https:\/\/betwinner.tips\/argentina\/#breadcrumb","itemListElement":[{"@type":"ListItem","position":1,"name":"Home","item":"https:\/\/betwinner.tips\/argentina\/"},{"@type":"ListItem","position":2,"name":"Inicio"}]},{"@type":"WebSite","@id":"https:\/\/betwinner.tips\/argentina\/#website","url":"https:\/\/betwinner.tips\/argentina\/","name":"Betwinner Tips ar","description":"My WordPress Blog","potentialAction":[{"@type":"SearchAction","target":{"@type":"EntryPoint","urlTemplate":"https:\/\/betwinner.tips\/argentina\/?s={search_term_string}"},"query-input":{"@type":"PropertyValueSpecification","valueRequired":true,"valueName":"search_term_string"}}],"inLanguage":"es-AR"}]}},"_links":{"self":[{"href":"https:\/\/betwinner.tips\/argentina\/wp-json\/wp\/v2\/pages\/2","targetHints":{"allow":["GET"]}}],"collection":[{"href":"https:\/\/betwinner.tips\/argentina\/wp-json\/wp\/v2\/pages"}],"about":[{"href":"https:\/\/betwinner.tips\/argentina\/wp-json\/wp\/v2\/types\/page"}],"author":[{"embeddable":true,"href":"https:\/\/betwinner.tips\/argentina\/wp-json\/wp\/v2\/users\/1"}],"replies":[{"embeddable":true,"href":"https:\/\/betwinner.tips\/argentina\/wp-json\/wp\/v2\/comments?post=2"}],"version-history":[{"count":63,"href":"https:\/\/betwinner.tips\/argentina\/wp-json\/wp\/v2\/pages\/2\/revisions"}],"predecessor-version":[{"id":512,"href":"https:\/\/betwinner.tips\/argentina\/wp-json\/wp\/v2\/pages\/2\/revisions\/512"}],"wp:attachment":[{"href":"https:\/\/betwinner.tips\/argentina\/wp-json\/wp\/v2\/media?parent=2"}],"curies":[{"name":"wp","href":"https:\/\/api.w.org\/{rel}","templated":true}]}}